p - 0*p + m. What is the units digit of p?
9
Let l(n) = -n**3 - n + 7. Let v be l(3). Let h = v - -58. What is the tens digit of h?
3
What is the units digit of 6/(-45) - 6857/(-15)?
7
Let j = 48 + -32. What is the units digit of (-12)/j*(-48 + 0)?
6
Let u(y) = 2*y**2 - 10*y - 3 - 1 - 3*y**2. Let g be (-2 + (-10)/(-6))*21. What is the units digit of u(g)?
7
Suppose 0 = l - 5, 0 = -0*q - 5*q + 4*l - 5. Suppose z + 8 = q*x, 6 = 3*x + z - 4*z. Suppose -17 = -u + x*g, 2*g = 5*u - 7 - 130. What is the units digit of u?
9
Let o(n) be the first derivative of -n**4/4 - 2*n**3 - n**2/2 - 5*n + 7. What is the tens digit of o(-7)?
5
Suppose 0 = -3*b + 2*x - x + 10, 11 = 5*b + 4*x. Suppose -22 = c + 4*k, b*k + 30 = 2*c - 5*c. Let a(p) = -3*p - 9. What is the units digit of a(c)?
9
Let c(m) = -m + 11. Let x be c(10). Let g = 1 + x. Suppose 5*y = g*j - 21, 0 = 7*j - 2*j - 3*y - 62. What is the units digit of j?
3
Let r(o) = o**3 + 17*o**2 - 18*o. Let a be r(-18). Suppose 5*d - 4*d + 8 = a. What is the units digit of ((-50)/d)/((-10)/(-80))?
0
Suppose -77*a + 70*a + 1568 = 0. What is the hundreds digit of a?
2
Let n = -13 - -18. Suppose 81 = -z + 2*z - 5*d, -n*d = 5*z - 345. What is the tens digit of z?
7
Suppose -56*o = -59*o + 1659. What is the tens digit of o?
5
Suppose 4*d = 1 - 13. What is the units digit of d*2/(-12)*90?
5
What is the units digit of (0 + -2)/((-122)/85705)?
5
Let v(p) = p**3 + p + 2. Let b be v(-1). Suppose b = -5*q - 11 + 31. Suppose 5*o = 6*o - q. What is the units digit of o?
4
Let t(d) = -4*d + 5. Let m be t(-4). Suppose 0 = 17*o - m*o + 180. What is the tens digit of o?
4
Let p be 0/(-5) - (2 - 12). Suppose 0*d = -i + 3*d + 10, -4*i - 3*d = -p. Suppose i*x - 108 = -4*m, -4*m + m - 5*x = -73. What is the units digit of m?
1
Suppose -223 = -p - 2*g + 47, 20 = 5*g. What is the hundreds digit of p?
2
Let z(h) = -h + 1. Let k(c) = -3*c + 2. Let d(u) = -k(u) + 4*z(u). Let a be d(2). Let p = a + 8. What is the units digit of p?
8
Let v = -2157 - -3598. What is the thousands digit of v?
1
Suppose 0 = 69*u - 74*u + 2005. What is the units digit of u?
1
Suppose 0 = -3*y + y + 338. Suppose -86 - y = -3*v. What is the units digit of v?
5
Let c = -12 + 16. Suppose g + 12 = c*g. Suppose g*a - 3*a = 8. What is the units digit of a?
8
Suppose 16 = -4*c, -5*m + 651 + 197 = -2*c. Suppose -m = 4*u - 5*b, 2*u - 4*b = 19 - 109. Let g = u + 48. What is the units digit of g?
1
Let j = -243 + 536. What is the tens digit of j?
9
Suppose 0 + 3 = l. Suppose 4 = -4*v, 20 = -l*w + 3*v - 7. Let t = w + 23. What is the tens digit of t?
1
Let w be (-189)/7 + 3/1. Let g = w - -66. What is the tens digit of g?
4
Let x = -111 + 171. Let n be (12/9)/(8/x). Suppose 6*u + n = u, 3*u = -2*l. What is the units digit of l?
3
Let b be ((-20)/(-8) + -3)*(-2 + -5760). Suppose 14*r = b + 871. What is the tens digit of r?
6
Suppose 14*n - 10572 = 14642. What is the units digit of n?
1
Suppose 4*y + 37 = 5*x, 5*y - 2*x = -x - 20. Let w be 1 - (1 - y)/(-4). Suppose 13 - 1 = w*d. What is the units digit of d?
6
Let d = 9073 - 6458. What is the units digit of d?
5
Suppose 3*h - 7*h = x - 24, -x + 9 = h. Suppose 0 = p + 9*y - 8*y - 273, -h*y = 3*p - 823. What is the hundreds digit of p?
2
Let k = 328 + -276. What is the units digit of k?
2
Let z(t) = -t**3 + 8*t**2 + 13*t - 26. Suppose 13 = 2*i + 2*u - 3, 0 = 5*i - 3*u - 40. What is the tens digit of z(i)?
7
Let w be 6 + 0 + 12/(-3). Suppose 0 = w*g - g. Suppose 0 = -p - 2*p - 4*c + 156, -2*p + 3*c + 121 = g. What is the tens digit of p?
5
Let z(d) = 2*d - 17. Let q = -2 - -14. What is the units digit of z(q)?
7
Suppose 26*j = 23*j. Suppose j = -6*w + 3 + 15. Suppose -5*v - 2*x = -w*v - 68, 4*x - 102 = -3*v. What is the units digit of v?
4
Suppose -3*b + k + 24 = 0, -4*b - 5*k = -7 - 6. Suppose -11*v = -b*v - 20. Suppose -5*u = 3*q - 23, 0*q = -v*q - 2*u + 13. What is the units digit of q?
1
Let y(i) = i**3 + 2*i**2 - i - 1. Suppose 3*q + 5*p - 10 - 12 = 0, -2*q = -4*p. What is the tens digit of y(q)?
9
Suppose -b + 11 = -3. Let s = 29 - b. Let h = s + -11. What is the units digit of h?
4
Suppose 0 = 21*d - 36458 - 50965. What is the thousands digit of d?
4
Suppose 4583 = q - s, 16586 = 5*q + 4*s - 6302. What is the thousands digit of q?
4
Suppose x = 0, -3*x + 594 = -5*m - 66. What is the tens digit of (1 + m/15 - 4)*-5?
5
Let i be (-2)/1*21/(-2). Suppose -14*r + i*r = 420. What is the units digit of r?
0
Let l = -34 - -29. What is the tens digit of (55/10)/(l/(-110))?
2
Let t = 58 - 55. Suppose -2*f - 4*g = -130, -3*f - t*g = -5 - 181. What is the tens digit of f?
5
Suppose 4*b - 5*b + 2*z = -3, 0 = -4*b - 2*z + 12. Let w be (1 - -11)*2/4. Let v = w - b. What is the units digit of v?
3
Let w(s) = -22*s + 12. Let r be w(-6). Suppose -2*l - 4*c = 2*l - r, -45 = -l + 2*c. What is the units digit of l?
9
Let l(t) = 10*t - 14. Let b be l(-3). Let i = b - -72. What is the tens digit of i?
2
Let f be 8*9*(-40)/(-30). Let s = f - 47. What is the units digit of s?
9
Suppose -t = -3*z + 1698, 0 = -2*z + 9*t - 4*t + 1119. What is the tens digit of z?
6
Let w = 5 - -22. What is the tens digit of ((-6)/(-5))/(w/360)?
1
Let h(n) = -n**3 - n**2 - 2*n + 7. Let i be h(-10). Suppose 3*k + 2*j + 927 = 0, -2*j = 3*k + 2*j + i. What is the units digit of k/(-12) + 1/4?
6
Suppose 3*r + 11170 = 2*d, -18*r + 11160 = 2*d - 16*r. What is the tens digit of d?
8
Suppose 20*t - 47325 = -13365. What is the hundreds digit of t?
6
What is the tens digit of -30*-164*1/10?
9
Let s(w) be the second derivative of 3*w**2 - 1/10*w**5 - 8*w - 1/3*w**3 - 1/3*w**4 + 0. What is the units digit of s(-3)?
0
Let r = -198 + 70. What is the units digit of -2*6/42 + r/(-7)?
8
Let t(j) = -j + 8. Let h(x) = 9*x - 1. Let m be h(1). Let k be t(m). What is the units digit of -2 - (1 + -36) - k?
3
Suppose -5*q + 15 = 0, 2*b + 19 = 7*b + 3*q. Let o(z) = 126*z + 15. What is the hundreds digit of o(b)?
2
What is the thousands digit of 8102/2 + 872/109?
4
What is the units digit of (-44228)/(-20) - (-1)/((-20)/8)?
1
Let f be (-2)/3 + (-119)/(-21). Suppose -2*s = -2*u - 630, 2*s + f*u = 352 + 278. Suppose -5*j = -20, 4*j = 5*k - j - s. What is the units digit of k?
7
Suppose 3*y - 18 = y + 3*o, 3*y - 5*o = 27. Suppose 5*v = y + 11. What is the units digit of (-8)/16 - (-34)/v?
8
Let d be 1237/13 + (-14)/91. Suppose -7*v = -2*v - d. Let c = v + 9. What is the units digit of c?
8
Let m(g) = g**2 - 10*g + 52. Suppose 3*z = -5*i + 35, 4*z = 4*i + 81 - 13. What is the units digit of m(z)?
7
Let d(u) = -19*u - 309. Let x be d(-16). Let b(p) = p - 6. Let t be b(4). What is the tens digit of (1 - -10)*(t - x)?
3
Suppose 0 = 4*c - u - 8297, -16*c + 13*c - 5*u + 6240 = 0. What is the tens digit of c?
7
Let r = 98 + -95. Suppose -164 - 721 = -5*b - p, b - r*p = 177. What is the units digit of b?
7
Suppose 0 = 3*h - 2*h + 4*n - 837, 3*h - 2539 = -5*n. What is the units digit of h?
3
Let z(k) = 4*k**2 + 9*k + 105. What is the units digit of z(-12)?
3
Let r(o) = -6*o**2 + 5*o - 1. Let b(c) = 5*c**2 - 4*c + 1. Let k(l) = 5*b(l) + 4*r(l). Let m be k(-1). Suppose 0 = -m*d + 2 + 8. What is the units digit of d?
5
What is the tens digit of (2 - 19/2)*46434/(-355)?
8
Let m be (-54)/(-10) + (-6)/15. Suppose m*q = 2*o - 630, 5*o = -4*q + q + 1606. What is the units digit of o?
0
Let g = -17 - -42. What is the hundreds digit of (g/(-5))/15 + (-325)/(-3)?
1
Let s = 119 + 1. What is the tens digit of s?
2
Let i = -4 - 0. Let j be (i + 0)/2 + 4. What is the units digit of 1136/24*3/j?
1
Suppose 2*o - 2439 = -3*v, v + 3*v - 3*o = 3235. Suppose -2*p + 2*w = -p - 270, -3*p + 5*w = -v. What is the hundreds digit of p?
2
Let p(m) = 2*m**2 + 2*m + 1. Let k be p(-1). What is the tens digit of (k/1)/(35/1505)?
4
Suppose 4*d - 2*f = -3*f - 20, 0 = -5*d + 5*f. Let v = -21 - d. Let l = 40 + v. What is the units digit of l?
3
Suppose 142 - 380 = p + 5*t, -3*t - 738 = 3*p. What is the tens digit of ((-15)/(-30))/((-2)/p)?
6
Suppose -155*s + 177576 = -57*s. What is the hundreds digit of s?
8
Let y(c) = -3*c**3 - 6*c**2 - 6*c - 2. Let g(h) = h**2 - 6*h - 3. Let w be g(6). What is the tens digit of y(w)?
4
What is the tens digit of 6/(-1) + (561 - 16)?
3
Let l(r) = r + 18. What is the units digit of l(0)?
8
Suppose 4*b = 2